et j = -5 - -7. Let u be ((-15)/(-6))/(j/(-4)). Let d(i) = i + 1. Let y(v) = 3*v + 7. Let c(x) = 2*d(x) - y(x). Calculate c(u).
0
Suppose -4*k + k = 15. Let t(d) = d - 1. Calculate t(k).
-6
Let x(y) = -y - 21. Let v be x(-13). Let n(s) = s**3 + 9*s**2 + 7*s - 5. Determine n(v).
3
Let m(k) = 5*k**2 + 27*k - 16. Let b(t) = 2*t**2 + 13*t - 8. Let x(p) = 7*b(p) - 3*m(p). Give x(7).
13
Let k(n) = -5*n - 5 + 2*n + 4*n + 0*n. Determine k(-6).
-11
Let s(k) = -2*k. Let w(p) be the second derivative of p**4/24 - 5*p**2/2 + p. Let o(f) be the first derivative of w(f). Let n(h) = -5*o(h) - 2*s(h). Give n(4).
-4
Let o(s) = -s**3 - 3*s**2 + 2*s + 2. Let d be o(-3). Let y = -6 - d. Let z(a) be the second derivative of a**3/2 + 3*a**2/2 - a + 33. What is z(y)?
-3
Let r be ((-6 + 0)/2)/(-1). Suppose 4*g + 5*k = -11, 5*g = -2*k - 4 + r. Let x(i) = -8*i. Give x(g).
-8
Let t(j) be the third derivative of 0 - 1/30*j**5 - 1/3*j**3 + 0*j + 1/8*j**4 + 3*j**2. Let b be 1/((1/2)/1). Calculate t(b).
-4
Let y(d) = d - 5*d + 0 + 15 + 4*d**2 - d**2. Let z(b) = b**2 - b + 5. Let r(m) = -6*y(m) + 17*z(m). Let f = 3 - -2. Determine r(f).
5
Let j(h) = -h - 6*h**2 + 10 + h**3 + 7*h - 15*h. Calculate j(7).
-4
Let y(i) be the second derivative of -1/2*i**2 - 4*i + 0 - 2/3*i**3. What is y(-2)?
7
Suppose -7*x = -2*x. Let y(r) be the first derivative of r**4/12 + r**3/6 - r**2/2 + 6*r - 5. Let d(k) be the first derivative of y(k). What is d(x)?
-1
Let b(a) be the second derivative of a + 1/12*a**4 + 1/2*a**2 + 0 - a**3. Determine b(4).
-7
Let l = -12 - -14. Let x = l - -3. Let y(j) = -j**2 + 4*j + 3. What is y(x)?
-2
Let h(r) = 7*r**2 + 9*r + 4. Let u(s) = 3*s**2 + 5*s + 2. Let t(q) = -2*h(q) + 5*u(q). Give t(-5).
-8
Suppose 6*p - 1 = 11. Let d(h) = -4*h**2 - 1. What is d(p)?
-17
Let q = -7 + 0. Let w be q - -5 - (0 + 0). Let d(z) = -2*z - 2. Give d(w).
2
Let t be (-3)/(-2)*(-16)/(-24). Let d(s) = 3*s**2 - 1. Calculate d(t).
2
Let t be (-9 + 8)*(-4)/2. Let u(p) = -9*p - 4 + 5*p**t - 3*p + 4*p + p**3 - 2. Give u(-6).
6
Suppose -3*c - 8 = 1. Let y be 2/c + 2/(-6). Let n(z) = z**3 - 2*z**2 + 1. Give n(y).
-2
Let a(c) be the second derivative of 0 + c + 0*c**3 + 1/12*c**4 + 0*c**2 - 1/20*c**5. Calculate a(1).
0
Let p(f) = 2 - 14*f + 27*f - 14*f. Determine p(-3).
5
Let t = -32 - -37. Let k(v) = v**3 - 4*v**2 - 5*v + 4. Determine k(t).
4
Let m(y) be the second derivative of -7/12*y**4 + 0 + 1/6*y**3 - 1/20*y**5 + 4*y**2 - 3*y. What is m(-7)?
1
Let z(h) = -h**2 - 8*h - 9. Suppose 3*u = 11 - 32. What is z(u)?
-2
Let m(l) be the first derivative of -3 + 0*l + 0*l**2 - 5/4*l**4 - 1/3*l**3. What is m(-1)?
4
Let y(n) be the second derivative of n**3/3 + 7*n**2 - 8*n. What is y(-10)?
-6
Let v(u) = -8*u**3 - 7*u**2 - 8*u + 1. Let x(y) = -7*y**3 - 6*y**2 - 7*y + 2. Let j(g) = -6*v(g) + 7*x(g). Determine j(0).
8
Let o(l) = 1 + 58*l**2 - 2*l - 113*l**2 + 56*l**2 + 9*l. Give o(-8).
9
Suppose -3 = 5*o - q, 2*o + q - 4*q - 4 = 0. Let i(a) = a. Give i(o).
-1
Suppose 2*g - 10 = -6. Let n(m) = -2*m**3 + 2*m**2 + m. Calculate n(g).
-6
Suppose -a = 3*a - 4. Let v = a + 2. Suppose 2*o = -2*g, 4 = 2*g - 5*o + v*o. Let k(b) = 3*b**3 + 2*b**2 - b. What is k(g)?
4
Let t(d) be the third derivative of d**5/10 - d**4/24 + d**3/6 - 3*d**2. Let l(n) = n**3 + 7*n**2 + 1. Let r be l(-7). Give t(r).
6
Suppose -4*w - h - 11 = 0, 3*w = 2*w + 3*h + 7. Let t be 13/(-26) - (-9)/w. Let n(k) = k**2 + 6*k + 2. What is n(t)?
-3
Let s(z) = z**2 - z - z - 2 + z**3 + 5 + 2*z**2. Let f = 6 - 7. Let w be 1/2*f*8. Determine s(w).
-5
Let r(c) = c**2 + 5*c + 3. Let k(v) = v**3 + 2*v**2 - 2*v - 1. Let u(d) = -2*d**3 - d**2. Let p be u(1). Let y be k(p). Determine r(y).
-1
Let a(q) = -q + 4. Let l be 2/((32/20)/4). Suppose 3*s = -9, -4*p + l + 26 = -s. Determine a(p).
-3
Let a(m) = -m - 1 + 6*m**2 - 6*m**2 - 3*m**3. Let s be a(-1). Let g(i) = 3*i + 1. Determine g(s).
10
Let k(q) = -3*q - 3. Let l = 1 - -1. Let w(x) = 8*x**2 - x**l - x**2 - 7*x - 4*x**3 - 4 + 5*x**3. Let p be w(-7). Determine k(p).
9
Let i(u) = -u**3 + 4*u**2 + 4*u + 5. Let n be 3/(-5) + 112/20. Determine i(n).
0
Let b(s) be the third derivative of 0*s + 0 + 1/24*s**4 + 0*s**3 + 2*s**2 + 1/40*s**5 - 1/144*s**6. Let f(p) be the second derivative of b(p). Give f(2).
-7
Suppose s + 5 = 2*s. Let a(o) = -o + 1. Determine a(s).
-4
Let b(m) = -8*m**3 - 18*m**2 - m - 41. Let f(z) = -3*z**3 - 6*z**2 - 14. Let c(l) = 4*b(l) - 11*f(l). Determine c(7).
11
Let v(q) = -q**2 + q - 2. Suppose 2*h = -m - 4*m - 30, 0 = 3*h. Let y(w) = w**3 + 4*w**2 - w + 5. Let z be y(-5). Let j be m/z - 6/15. Determine v(j).
-2
Let m be (-1)/(-2)*(8 + 42/(-7)). Let w(h) be the second derivative of 4*h**3/3 + h. Calculate w(m).
8
Let o = -1 - -4. Let m(z) = -3 + 3*z + 5*z + o*z - 9*z. Let x = 12 - 7. What is m(x)?
7
Let y = -14 + 13. Let p(g) = 14*g**2 - 21*g - 5. Let i(s) = 3*s**2 - 4*s - 1. Let t(n) = -11*i(n) + 2*p(n). What is t(y)?
-6
Let i be (1/1*-3)/1. Let n = -5 - i. Let z(t) = -t**3 + 2*t. Give z(n).
4
Let s(l) = l**3 + 7*l**2 + 12*l + 4. Let p be s(-5). Let m(b) = b + 8. What is m(p)?
2
Let a(o) = 12*o**3 + o**2 - o - 1. Suppose 4*x + x = -5. Give a(x).
-11
Let c = 9 - 8. Let o = -2 + c. Let m(x) = x + 1. Calculate m(o).
0
Let n = 31 + -38. Let s(f) = f + 7. Give s(n).
0
Let a(f) = -f**2 - 96 + 95 + 5*f + 3*f**2 - f**3. Determine a(4).
-13
Let v(t) = -t**2 - 1. Let r(k) = k**2 - 3. Let o(f) = r(f) - 4*v(f). Suppose -2*h + 5*h = 9. Suppose 3*u - h = -0*u. What is o(u)?
6
Let c(u) = -u**2. Let l(f) = 5*f**2 + f + 1. Let k(n) = 4*c(n) + l(n). Let w(j) be the first derivative of -j**2/2 + 9*j - 2. Let h be w(10). What is k(h)?
1
Let b be 4 - (0 - 1) - 1. Let a(n) = -4 - n**3 - 3*n**2 - b*n + 2 + n. Determine a(-2).
0
Let w(h) = h**3 + 2*h**2 + h + 1. Let d(q) = 5 + 2*q - 2*q**2 - 3*q + q**3 - 2. Let p be d(3). Let r be (-24)/p + 2/3. Give w(r).
-1
Let k(b) be the first derivative of -b**2 - 5*b + 18. Determine k(-7).
9
Let g(d) = d - 8. Let q be g(10). Suppose 3*t + 30 = -q*t. Let y(k) = k**2 + 5*k - 8. Calculate y(t).
-2
Suppose -5*o - 56 + 66 = 0. Let v(r) be the second derivative of -r**4/12 + 2*r**3/3 - 3*r**2/2 - r. Calculate v(o).
1
Let p(a) = 7*a**3 - 2*a**2 + 1. Let u(z) = z**2 - 2*z - 4. Let m be u(3). Give p(m).
-8
Let q(t) = 5*t**2 - 9. Let c(h) = -h + 3*h**2 + 3 - 2*h**2 + 0 - 4. Let j(z) = 6*c(z) - q(z). Give j(4).
-5
Let p(h) = -3*h. Let o = 1 - 1. Suppose 0 = -0*f + 5*f + 3*a - 10, o = -3*f + 3*a - 18. Give p(f).
3
Let p(o) = -4*o - 5. Suppose x = -f + 9, 0 = -5*f + f + 3*x + 36. Let m(i) = -i - 1. Let a(w) = f*m(w) - 2*p(w). Determine a(2).
-1
Let m(n) = 4*n**2 - 4*n. Let s(j) = 3*j**2 - 4*j + 1. Let c(g) = -2*m(g) + 3*s(g). Let o = 11 - 7. Calculate c(o).
3
Suppose r - 9 = -2*r - 4*g, 0 = -r - 4*g + 3. Let a(s) = -s**3 + 4*s**2 - 2*s + 1. Determine a(r).
4
Suppose 4*v - 4 = 2*v. Let o(x) = v - x + 0*x**2 - x**2 - x. Calculate o(-3).
-1
Suppose 5*a - 2 - 8 = 0. Let q(y) be the first derivative of y**5/20 - y**4/12 - y**3/3 + 3*y - 3. Let b(v) be the first derivative of q(v). Determine b(a).
0
Suppose 0*b - o - 4 = 5*b, -4*o = -b + 16. Let h(i) be the second derivative of i + b*i**2 - 1/3*i**3 + 0. What is h(-1)?
2
Let l(t) = -t**3. Suppose 4*n - n = 9. Suppose 0 = -5*w + n*f + 8 - 3, 0 = 5*f + 25. Give l(w).
8
Suppose 2*b = -5*a + 8, -3*a + 9 = 3. Let s(t) = 2*t**3 - 1. Determine s(b).
-3
Let w(k) be the first derivative of 1 + 0*k + 11/3*k**3 + 7/2*k**2. Let p(y) = 7*y**2 + 5*y. Let v(n) = -8*p(n) + 5*w(n). What is v(-5)?
0
Suppose 4*h = 1 + 7. Let u be 4 - h - (4 + -5). Let k(c) = -u - c + 8 + 3*c - 3*c. What is k(0)?
5
Let z(w) = 7*w**3 - w**2. Let q = -8 - -9. Give z(q).
6
Let i(c) = -2*c + c**2 - 2 + c + c. Let l = 6 - 0. Suppose -4*m - l - 2 = -t, m + t = -2. Give i(m).
2
Let b be (-3 + 9)*(-1 - 0). Let a(f) = f**2 + 8*f + 1. What is a(b)?
-11
Let o(t) = t + 1. Let i(q) = -4*q - 11. Let r(y) = -i(y) - 5*o(y). Calculate r(7).
-1
Let v(x) = -x**2 - 8. Suppose 2*u - 4*u = 0. Determine v(u).
-8
Let x = -11 + 15. Let m(n) = n**2 - 2*n - 3. Let p be m(x). Let g(i) = -i - 3 + 4 + i**2 + 2 - p. Calculate g(-2).
4
Let o(t) = -5*t + 4. Let y(z) = -z. Let w(f) = -o(f) + 6*y(f). Give w(-4).
0
Suppose -4*g - 12 = 4*n, g + 0*g + 19 = -5*n. Suppose 10 = 8*l - 3*l. Let h be (g/l)/((-1)/(-2)